{"id":2,"date":"2018-05-21T10:20:37","date_gmt":"2018-05-21T10:20:37","guid":{"rendered":"https:\/\/www.organconcert.hu\/?page_id=2"},"modified":"2025-10-10T04:44:48","modified_gmt":"2025-10-10T02:44:48","slug":"fooldal","status":"publish","type":"page","link":"https:\/\/www.organconcert.hu\/hu\/","title":{"rendered":"F\u0151oldal"},"content":{"rendered":"<div class=\"wpb-content-wrapper\"><p><\/p>\n<p>[vc_row][vc_column][vc_custom_heading text=&#8221;A BUDAPESTI SZENT ISTV\u00c1N BAZILIKA VIL\u00c1GH\u00cdR\u0170 M\u0170EML\u00c9K ORGON\u00c1JA KIZ\u00c1R\u00d3LAG<br \/>\nA CATHEDRAL ORGAN CONCERTS EL\u0150AD\u00c1SAIN HALLHAT\u00d3&#8221; font_container=&#8221;tag:h3|font_size:22|text_align:center|color:%239e070d|line_height:1.3&#8243; use_theme_fonts=&#8221;yes&#8221;][\/vc_column][\/vc_row][vc_row full_width=&#8221;stretch_row_content_no_spaces&#8221;][vc_column css=&#8221;.vc_custom_1527104543468{margin-bottom: 0px !important;}&#8221;][rev_slider_vc alias=&#8221;main-hun&#8221;][\/vc_column][\/vc_row][vc_row][vc_column el_class=&#8221;content-div&#8221;][vc_custom_heading text=&#8221;PROGRAMOK&#8221; font_container=&#8221;tag:h2|font_size:60|text_align:center|color:%239e070d&#8221; use_theme_fonts=&#8221;yes&#8221;][vc_column_text]<div id='evcal_calendar_649' class='list_cal ajde_evcal_calendar  ul' ><div class='evo-data' data-cyear=\"2026\" data-cmonth=\"4\" data-runajax=\"1\" data-evc_open=\"0\" data-cal_ver=\"2.6.11\" data-mapscroll=\"true\" data-mapformat=\"roadmap\" data-mapzoom=\"18\" data-mapiconurl=\"\" data-ev_cnt=\"3\u2033\" data-show_limit=\"no\" data-tiles=\"no\" data-sort_by=\"sort_date\" data-filters_on=\"false\" data-range_start=\"0\" data-range_end=\"0\" data-send_unix=\"0\" data-ux_val=\"0\" data-accord=\"0\" data-rtl=\"no\"  ><\/div><div id='evcal_head' class='calendar_header ' ><div class='evo_cal_above'><span class='evo-gototoday-btn' style='display:none' data-mo='4' data-yr='2026' data-dy=''>Aktu\u00e1lis h\u00f3nap<\/span><\/div><div class='evo_cal_above_content'><\/div><div class='cal_arguments' style='display:none' data-hide_past=\"no\" data-show_et_ft_img=\"no\" data-event_order=\"ASC\" data-ft_event_priority=\"no\" data-lang=\"L2\" data-month_incre=\"0\" data-only_ft=\"no\" data-evc_open=\"no\" data-show_limit=\"no\" data-etc_override=\"no\" data-show_limit_redir=\"0\" data-tiles=\"no\" data-tile_height=\"0\" data-tile_bg=\"0\" data-tile_count=\"2\" data-tile_style=\"0\" data-s=\"\" data-members_only=\"no\" data-ux_val=\"0\" data-show_limit_ajax=\"no\" data-show_limit_paged=\"1\" data-hide_mult_occur=\"no\" data-show_repeats=\"no\" ><\/div><div class='clear'><\/div><\/div><div class='evcal_month_line'><p>\u00e1prilis <\/p><\/div><div id='evcal_list' class='eventon_events_list '><div class='eventon_list_event'><p class='no_events' >Ebben a h\u00f3napban nincs t\u00f6bb el\u0151ad\u00e1s<\/p><\/div><\/div><div class='clear'><\/div><\/div><!-- ajde_evcal_calendar--><\/p>\n<div style=\"clear: both;\"><\/div>\n<p>[\/vc_column_text][vc_custom_heading text=&#8221;MEGN\u00c9ZEM A TELJES M\u0170SORNAPT\u00c1RT!&#8221; font_container=&#8221;tag:p|font_size:20|text_align:center|color:%239e070d&#8221; use_theme_fonts=&#8221;yes&#8221; link=&#8221;url:http%3A%2F%2Fwww.organconcert.hu%2Fhu%2Fprogramok|||&#8221; el_class=&#8221;alahuzott&#8221;][vc_separator color=&#8221;black&#8221;][\/vc_column][\/vc_row][vc_row][vc_column][vc_custom_heading text=&#8221;M\u0170V\u00c9SZEK&#8221; font_container=&#8221;tag:h2|font_size:60|text_align:center|color:%239e070d&#8221; use_theme_fonts=&#8221;yes&#8221;][vc_basic_grid post_type=&#8221;muveszek&#8221; max_items=&#8221;10&#8243; style=&#8221;pagination&#8221; items_per_page=&#8221;3&#8243; gap=&#8221;35&#8243; order=&#8221;ASC&#8221; arrows_design=&#8221;vc_arrow-icon-arrow_01_left&#8221; arrows_position=&#8221;outside&#8221; arrows_color=&#8221;black&#8221; paging_design=&#8221;none&#8221; loop=&#8221;yes&#8221; item=&#8221;405&#8243; initial_loading_animation=&#8221;none&#8221; grid_id=&#8221;vc_gid:1760064216577-00ee49ef-4b48-2&#8243;][vc_separator color=&#8221;black&#8221;][\/vc_column][\/vc_row][vc_row][vc_column][vc_custom_heading text=&#8221;HELYSZ\u00cdN&#8221; font_container=&#8221;tag:h2|font_size:60|text_align:center|color:%239e070d&#8221; use_theme_fonts=&#8221;yes&#8221; css=&#8221;&#8221;][vc_row_inner][vc_column_inner width=&#8221;1\/4&#8243;][\/vc_column_inner][vc_column_inner width=&#8221;1\/2&#8243;][vc_single_image image=&#8221;93&#8243; img_size=&#8221;full&#8221; alignment=&#8221;center&#8221; onclick=&#8221;custom_link&#8221; link=&#8221;https:\/\/www.organconcert.hu\/helyszinek\/szent-istvan-bazilika\/&#8221;][vc_custom_heading text=&#8221;SZENT ISTV\u00c1N BAZILIKA&#8221; font_container=&#8221;tag:h3|font_size:26|text_align:center|color:%2339373a&#8221; use_theme_fonts=&#8221;yes&#8221; css=&#8221;&#8221; link=&#8221;url:http%3A%2F%2Fwww.organconcert.hu%2Fwp%2Fhelyszinek%2Fszent-istvan-bazilika%2F|||&#8221;][vc_empty_space][\/vc_column_inner][vc_column_inner width=&#8221;1\/4&#8243;][\/vc_column_inner][\/vc_row_inner][vc_separator color=&#8221;black&#8221;][\/vc_column][\/vc_row][vc_row][vc_column][vc_custom_heading text=&#8221;BLOG\/H\u00cdREK&#8221; font_container=&#8221;tag:h2|font_size:60|text_align:center|color:%239e070d&#8221; use_theme_fonts=&#8221;yes&#8221;][vc_basic_grid post_type=&#8221;post&#8221; max_items=&#8221;10&#8243; style=&#8221;pagination&#8221; items_per_page=&#8221;3&#8243; gap=&#8221;35&#8243; order=&#8221;ASC&#8221; arrows_design=&#8221;vc_arrow-icon-arrow_01_left&#8221; arrows_position=&#8221;outside&#8221; arrows_color=&#8221;black&#8221; paging_design=&#8221;none&#8221; loop=&#8221;yes&#8221; item=&#8221;256&#8243; initial_loading_animation=&#8221;none&#8221; grid_id=&#8221;vc_gid:1760064216579-d5820fab-8307-2&#8243;][vc_separator color=&#8221;black&#8221;][\/vc_column][\/vc_row][vc_row][vc_column][vc_custom_heading text=&#8221;R\u00d3LUNK \u00cdRT\u00c1K&#8221; font_container=&#8221;tag:h2|font_size:60|text_align:center|color:%239e070d&#8221; use_theme_fonts=&#8221;yes&#8221;][vc_basic_grid post_type=&#8221;rolunkirtak&#8221; max_items=&#8221;10&#8243; style=&#8221;pagination&#8221; items_per_page=&#8221;3&#8243; gap=&#8221;35&#8243; arrows_design=&#8221;vc_arrow-icon-arrow_01_left&#8221; arrows_position=&#8221;outside&#8221; arrows_color=&#8221;black&#8221; paging_design=&#8221;none&#8221; item=&#8221;414&#8243; grid_id=&#8221;vc_gid:1760064216580-b66ff8a3-df92-9&#8243;][\/vc_column][\/vc_row]<\/p>\n<p><\/p>\n<\/div>","protected":false},"excerpt":{"rendered":"<p>[vc_row][vc_column][vc_custom_heading text=&#8221;A BUDAPESTI SZENT ISTV\u00c1N BAZILIKA VIL\u00c1GH\u00cdR\u0170 M\u0170EML\u00c9K ORGON\u00c1JA KIZ\u00c1R\u00d3LAG A CATHEDRAL ORGAN CONCERTS EL\u0150AD\u00c1SAIN HALLHAT\u00d3&#8221; font_container=&#8221;tag:h3|font_size:22|text_align:center|color:%239e070d|line_height:1.3&#8243; use_theme_fonts=&#8221;yes&#8221;][\/vc_column][\/vc_row][vc_row full_width=&#8221;stretch_row_content_no_spaces&#8221;][vc_column css=&#8221;.vc_custom_1527104543468{margin-bottom: 0px !important;}&#8221;][rev_slider_vc alias=&#8221;main-hun&#8221;][\/vc_column][\/vc_row][vc_row][vc_column el_class=&#8221;content-div&#8221;][vc_custom_heading text=&#8221;PROGRAMOK&#8221; font_container=&#8221;tag:h2|font_size:60|text_align:center|color:%239e070d&#8221; use_theme_fonts=&#8221;yes&#8221;][vc_column_text] [\/vc_column_text][vc_custom_heading text=&#8221;MEGN\u00c9ZEM A TELJES M\u0170SORNAPT\u00c1RT!&#8221; font_container=&#8221;tag:p|font_size:20|text_align:center|color:%239e070d&#8221; use_theme_fonts=&#8221;yes&#8221; link=&#8221;url:http%3A%2F%2Fwww.organconcert.hu%2Fhu%2Fprogramok|||&#8221; el_class=&#8221;alahuzott&#8221;][vc_separator color=&#8221;black&#8221;][\/vc_column][\/vc_row][vc_row][vc_column][vc_custom_heading text=&#8221;M\u0170V\u00c9SZEK&#8221; font_container=&#8221;tag:h2|font_size:60|text_align:center|color:%239e070d&#8221; use_theme_fonts=&#8221;yes&#8221;][vc_basic_grid post_type=&#8221;muveszek&#8221; max_items=&#8221;10&#8243; style=&#8221;pagination&#8221; items_per_page=&#8221;3&#8243; gap=&#8221;35&#8243; order=&#8221;ASC&#8221; arrows_design=&#8221;vc_arrow-icon-arrow_01_left&#8221; arrows_position=&#8221;outside&#8221; arrows_color=&#8221;black&#8221; paging_design=&#8221;none&#8221; loop=&#8221;yes&#8221; item=&#8221;405&#8243; initial_loading_animation=&#8221;none&#8221; grid_id=&#8221;vc_gid:1760064216577-00ee49ef-4b48-2&#8243;][vc_separator color=&#8221;black&#8221;][\/vc_column][\/vc_row][vc_row][vc_column][vc_custom_heading [&hellip;]<\/p>\n","protected":false},"author":1,"featured_media":0,"parent":0,"menu_order":0,"comment_status":"closed","ping_status":"closed","template":"","meta":{"footnotes":""},"class_list":["post-2","page","type-page","status-publish","hentry"],"_links":{"self":[{"href":"https:\/\/www.organconcert.hu\/hu\/wp-json\/wp\/v2\/pages\/2","targetHints":{"allow":["GET"]}}],"collection":[{"href":"https:\/\/www.organconcert.hu\/hu\/wp-json\/wp\/v2\/pages"}],"about":[{"href":"https:\/\/www.organconcert.hu\/hu\/wp-json\/wp\/v2\/types\/page"}],"author":[{"embeddable":true,"href":"https:\/\/www.organconcert.hu\/hu\/wp-json\/wp\/v2\/users\/1"}],"replies":[{"embeddable":true,"href":"https:\/\/www.organconcert.hu\/hu\/wp-json\/wp\/v2\/comments?post=2"}],"version-history":[{"count":160,"href":"https:\/\/www.organconcert.hu\/hu\/wp-json\/wp\/v2\/pages\/2\/revisions"}],"predecessor-version":[{"id":1282,"href":"https:\/\/www.organconcert.hu\/hu\/wp-json\/wp\/v2\/pages\/2\/revisions\/1282"}],"wp:attachment":[{"href":"https:\/\/www.organconcert.hu\/hu\/wp-json\/wp\/v2\/media?parent=2"}],"curies":[{"name":"wp","href":"https:\/\/api.w.org\/{rel}","templated":true}]}}

Főoldal

<div class="wpb-content-wrapper"><p></p>
<p>[vc_row][vc_column][vc_custom_heading text=&#8221;A BUDAPESTI SZENT ISTVÁN BAZILIKA VILÁGHÍRŰ MŰEMLÉK ORGONÁJA KIZÁRÓLAG<br />
A CATHEDRAL ORGAN CONCERTS ELŐADÁSAIN HALLHATÓ&#8221; font_container=&#8221;tag:h3|font_size:22|text_align:center|color:%239e070d|line_height:1.3&#8243; use_theme_fonts=&#8221;yes&#8221;][/vc_column][/vc_row][vc_row full_width=&#8221;stretch_row_content_no_spaces&#8221;][vc_column css=&#8221;.vc_custom_1527104543468{margin-bottom: 0px !important;}&#8221;][rev_slider_vc alias=&#8221;main-hun&#8221;][/vc_column][/vc_row][vc_row][vc_column el_class=&#8221;content-div&#8221;][vc_custom_heading text=&#8221;PROGRAMOK&#8221; font_container=&#8221;tag:h2|font_size:60|text_align:center|color:%239e070d&#8221; use_theme_fonts=&#8221;yes&#8221;][vc_column_text]<div id='evcal_calendar_649' class='list_cal ajde_evcal_calendar  ul' ><div class='evo-data' data-cyear="2026" data-cmonth="4" data-runajax="1" data-evc_open="0" data-cal_ver="2.6.11" data-mapscroll="true" data-mapformat="roadmap" data-mapzoom="18" data-mapiconurl="" data-ev_cnt="3″" data-show_limit="no" data-tiles="no" data-sort_by="sort_date" data-filters_on="false" data-range_start="0" data-range_end="0" data-send_unix="0" data-ux_val="0" data-accord="0" data-rtl="no"  ></div><div id='evcal_head' class='calendar_header ' ><div class='evo_cal_above'><span class='evo-gototoday-btn' style='display:none' data-mo='4' data-yr='2026' data-dy=''>Aktuális hónap</span></div><div class='evo_cal_above_content'></div><div class='cal_arguments' style='display:none' data-hide_past="no" data-show_et_ft_img="no" data-event_order="ASC" data-ft_event_priority="no" data-lang="L2" data-month_incre="0" data-only_ft="no" data-evc_open="no" data-show_limit="no" data-etc_override="no" data-show_limit_redir="0" data-tiles="no" data-tile_height="0" data-tile_bg="0" data-tile_count="2" data-tile_style="0" data-s="" data-members_only="no" data-ux_val="0" data-show_limit_ajax="no" data-show_limit_paged="1" data-hide_mult_occur="no" data-show_repeats="no" ></div><div class='clear'></div></div><div class='evcal_month_line'><p>április </p></div><div id='evcal_list' class='eventon_events_list '><div class='eventon_list_event'><p class='no_events' >Ebben a hónapban nincs több előadás</p></div></div><div class='clear'></div></div><!-- ajde_evcal_calendar--></p>
<div style="clear: both;"></div>
<p>[/vc_column_text][vc_custom_heading text=&#8221;MEGNÉZEM A TELJES MŰSORNAPTÁRT!&#8221; font_container=&#8221;tag:p|font_size:20|text_align:center|color:%239e070d&#8221; use_theme_fonts=&#8221;yes&#8221; link=&#8221;url:http%3A%2F%2Fwww.organconcert.hu%2Fhu%2Fprogramok|||&#8221; el_class=&#8221;alahuzott&#8221;][vc_separator color=&#8221;black&#8221;][/vc_column][/vc_row][vc_row][vc_column][vc_custom_heading text=&#8221;MŰVÉSZEK&#8221; font_container=&#8221;tag:h2|font_size:60|text_align:center|color:%239e070d&#8221; use_theme_fonts=&#8221;yes&#8221;][vc_basic_grid post_type=&#8221;muveszek&#8221; max_items=&#8221;10&#8243; style=&#8221;pagination&#8221; items_per_page=&#8221;3&#8243; gap=&#8221;35&#8243; order=&#8221;ASC&#8221; arrows_design=&#8221;vc_arrow-icon-arrow_01_left&#8221; arrows_position=&#8221;outside&#8221; arrows_color=&#8221;black&#8221; paging_design=&#8221;none&#8221; loop=&#8221;yes&#8221; item=&#8221;405&#8243; initial_loading_animation=&#8221;none&#8221; grid_id=&#8221;vc_gid:1760064216577-00ee49ef-4b48-2&#8243;][vc_separator color=&#8221;black&#8221;][/vc_column][/vc_row][vc_row][vc_column][vc_custom_heading text=&#8221;HELYSZÍN&#8221; font_container=&#8221;tag:h2|font_size:60|text_align:center|color:%239e070d&#8221; use_theme_fonts=&#8221;yes&#8221; css=&#8221;&#8221;][vc_row_inner][vc_column_inner width=&#8221;1/4&#8243;][/vc_column_inner][vc_column_inner width=&#8221;1/2&#8243;][vc_single_image image=&#8221;93&#8243; img_size=&#8221;full&#8221; alignment=&#8221;center&#8221; onclick=&#8221;custom_link&#8221; link=&#8221;https://www.organconcert.hu/helyszinek/szent-istvan-bazilika/&#8221;][vc_custom_heading text=&#8221;SZENT ISTVÁN BAZILIKA&#8221; font_container=&#8221;tag:h3|font_size:26|text_align:center|color:%2339373a&#8221; use_theme_fonts=&#8221;yes&#8221; css=&#8221;&#8221; link=&#8221;url:http%3A%2F%2Fwww.organconcert.hu%2Fwp%2Fhelyszinek%2Fszent-istvan-bazilika%2F|||&#8221;][vc_empty_space][/vc_column_inner][vc_column_inner width=&#8221;1/4&#8243;][/vc_column_inner][/vc_row_inner][vc_separator color=&#8221;black&#8221;][/vc_column][/vc_row][vc_row][vc_column][vc_custom_heading text=&#8221;BLOG/HÍREK&#8221; font_container=&#8221;tag:h2|font_size:60|text_align:center|color:%239e070d&#8221; use_theme_fonts=&#8221;yes&#8221;][vc_basic_grid post_type=&#8221;post&#8221; max_items=&#8221;10&#8243; style=&#8221;pagination&#8221; items_per_page=&#8221;3&#8243; gap=&#8221;35&#8243; order=&#8221;ASC&#8221; arrows_design=&#8221;vc_arrow-icon-arrow_01_left&#8221; arrows_position=&#8221;outside&#8221; arrows_color=&#8221;black&#8221; paging_design=&#8221;none&#8221; loop=&#8221;yes&#8221; item=&#8221;256&#8243; initial_loading_animation=&#8221;none&#8221; grid_id=&#8221;vc_gid:1760064216579-d5820fab-8307-2&#8243;][vc_separator color=&#8221;black&#8221;][/vc_column][/vc_row][vc_row][vc_column][vc_custom_heading text=&#8221;RÓLUNK ÍRTÁK&#8221; font_container=&#8221;tag:h2|font_size:60|text_align:center|color:%239e070d&#8221; use_theme_fonts=&#8221;yes&#8221;][vc_basic_grid post_type=&#8221;rolunkirtak&#8221; max_items=&#8221;10&#8243; style=&#8221;pagination&#8221; items_per_page=&#8221;3&#8243; gap=&#8221;35&#8243; arrows_design=&#8221;vc_arrow-icon-arrow_01_left&#8221; arrows_position=&#8221;outside&#8221; arrows_color=&#8221;black&#8221; paging_design=&#8221;none&#8221; item=&#8221;414&#8243; grid_id=&#8221;vc_gid:1760064216580-b66ff8a3-df92-9&#8243;][/vc_column][/vc_row]</p>
<p></p>
</div>

<p>[vc_row][vc_column][vc_custom_heading text=&#8221;A BUDAPESTI SZENT ISTVÁN BAZILIKA VILÁGHÍRŰ MŰEMLÉK ORGONÁJA KIZÁRÓLAG A CATHEDRAL ORGAN CONCERTS ELŐADÁSAIN HALLHATÓ&#8221; font_container=&#8221;tag:h3|font_size:22|text_align:center|color:%239e070d|line_height:1.3&#8243; use_theme_fonts=&#8221;yes&#8221;][/vc_column][/vc_row][vc_row full_width=&#8221;stretch_row_content_no_spaces&#8221;][vc_column css=&#8221;.vc_custom_1527104543468{margin-bottom: 0px !important;}&#8221;][rev_slider_vc alias=&#8221;main-hun&#8221;][/vc_column][/vc_row][vc_row][vc_column el_class=&#8221;content-div&#8221;][vc_custom_heading text=&#8221;PROGRAMOK&#8221; font_container=&#8221;tag:h2|font_size:60|text_align:center|color:%239e070d&#8221; use_theme_fonts=&#8221;yes&#8221;][vc_column_text] [/vc_column_text][vc_custom_heading text=&#8221;MEGNÉZEM A TELJES MŰSORNAPTÁRT!&#8221; font_container=&#8221;tag:p|font_size:20|text_align:center|color:%239e070d&#8221; use_theme_fonts=&#8221;yes&#8221; link=&#8221;url:http%3A%2F%2Fwww.organconcert.hu%2Fhu%2Fprogramok|||&#8221; el_class=&#8221;alahuzott&#8221;][vc_separator color=&#8221;black&#8221;][/vc_column][/vc_row][vc_row][vc_column][vc_custom_heading text=&#8221;MŰVÉSZEK&#8221; font_container=&#8221;tag:h2|font_size:60|text_align:center|color:%239e070d&#8221; use_theme_fonts=&#8221;yes&#8221;][vc_basic_grid post_type=&#8221;muveszek&#8221; max_items=&#8221;10&#8243; style=&#8221;pagination&#8221; items_per_page=&#8221;3&#8243; gap=&#8221;35&#8243; order=&#8221;ASC&#8221; arrows_design=&#8221;vc_arrow-icon-arrow_01_left&#8221; arrows_position=&#8221;outside&#8221; arrows_color=&#8221;black&#8221; paging_design=&#8221;none&#8221; loop=&#8221;yes&#8221; item=&#8221;405&#8243; initial_loading_animation=&#8221;none&#8221; grid_id=&#8221;vc_gid:1760064216577-00ee49ef-4b48-2&#8243;][vc_separator color=&#8221;black&#8221;][/vc_column][/vc_row][vc_row][vc_column][vc_custom_heading [&hellip;]</p>
