{"id":576,"date":"2018-11-21T19:56:28","date_gmt":"2018-11-21T17:56:28","guid":{"rendered":"https:\/\/www.organconcert.hu\/?post_type=muveszek&#038;p=576"},"modified":"2018-12-05T10:45:44","modified_gmt":"2018-12-05T08:45:44","slug":"etunam-kamarakorus","status":"publish","type":"muveszek","link":"https:\/\/www.organconcert.hu\/hu\/muveszek\/etunam-kamarakorus\/","title":{"rendered":"Etunam Kamarak\u00f3rus"},"content":{"rendered":"<div class=\"wpb-content-wrapper\"><p><\/p>\n<p>[vc_row][vc_column][vc_custom_heading text=&#8221;M\u0170V\u00c9SZEK&#8221; font_container=&#8221;tag:h2|font_size:60|text_align:center|color:%239e070d&#8221; use_theme_fonts=&#8221;yes&#8221;][\/vc_column][\/vc_row][vc_row css=&#8221;.vc_custom_1532887450226{margin-bottom: 20px !important;}&#8221;][vc_column width=&#8221;1\/3&#8243;][vc_single_image image=&#8221;588&#8243; img_size=&#8221;full&#8221; alignment=&#8221;center&#8221;][\/vc_column][vc_column width=&#8221;2\/3&#8243; css=&#8221;.vc_custom_1532886704969{border-left-width: 1px !important;padding-top: 0px !important;border-left-color: #39373a !important;border-left-style: solid !important;}&#8221;][vc_custom_heading text=&#8221;ETUNAM KAMARAK\u00d3RUS&#8221; font_container=&#8221;tag:h3|font_size:26|text_align:left|color:%2339373a&#8221; use_theme_fonts=&#8221;yes&#8221; css=&#8221;.vc_custom_1542822968798{margin-bottom: 0px !important;padding-bottom: 0px !important;}&#8221;][vc_custom_heading text=&#8221;&#8221; font_container=&#8221;tag:h3|font_size:20|text_align:left|color:%2339373a&#8221; use_theme_fonts=&#8221;yes&#8221;][vc_column_text css=&#8221;.vc_custom_1542822961781{margin-bottom: 0px !important;}&#8221;]Az <b>ETUNAM Kamarak\u00f3rus \u00e9s Vegyeskart<\/b> Vir\u00e1gh Andr\u00e1s alap\u00edtotta 2015-ben.<\/p>\n<p>Az egy\u00fcttes tagjai professzion\u00e1lis \u00e9nekm\u0171v\u00e9szek, akik tev\u00e9kenys\u00e9g\u00fckkel negyedik esztendeje akt\u00edv r\u00e9sztvev\u0151i a magyarorsz\u00e1gi koncert\u00e9letnek. Az \u00e9nekkar a budapesti Szent Istv\u00e1n Bazilika G\u00e1lakoncertjeinek \u00e1lland\u00f3 k\u00f6zrem\u0171k\u00f6d\u0151je, ahol rendszeresen el\u0151adj\u00e1k Mozart: Requiem, Verdi: Requiem, H\u00e4ndel: Messi\u00e1s, Bach: J\u00e1nos passi\u00f3, Bach: Magnificat orat\u00f3riumait, valamint \u00e1lland\u00f3 fell\u00e9p\u0151je a Szent Mih\u00e1ly templom szombat esti <i>CHOIR&amp;ORGAN <\/i>koncertjeinek is. Az Egy\u00fcttes t\u00f6bb alkalommal fell\u00e9pett a Tavaszi Fesztiv\u00e1lon \u00e9s sz\u00e1mos nagysiker\u0171 orat\u00f3rikus hangversenyt adott Magyarorsz\u00e1g k\u00fcl\u00f6nb\u00f6z\u0151 templomaiban, hangversenytermeiben.<\/p>\n<p>Reperto\u00e1rjukban szerepelnek a nagy orat\u00f3riumok, klasszikus szerz\u0151k mis\u00e9i \u00e9s motett\u00e1i, valamint magyar n\u00e9pdalfeldolgoz\u00e1sok[\/vc_column_text][\/vc_column][\/vc_row]<\/p>\n<p><\/p>\n<\/div>","protected":false},"excerpt":{"rendered":"<p>Az ETUNAM Kamarak\u00f3rus \u00e9s Vegyeskart Vir\u00e1gh Andr\u00e1s alap\u00edtotta 2015-ben.<\/p>\n","protected":false},"featured_media":588,"template":"","meta":[],"class_list":["post-576","muveszek","type-muveszek","status-publish","has-post-thumbnail","hentry"],"_links":{"self":[{"href":"https:\/\/www.organconcert.hu\/hu\/wp-json\/wp\/v2\/muveszek\/576","targetHints":{"allow":["GET"]}}],"collection":[{"href":"https:\/\/www.organconcert.hu\/hu\/wp-json\/wp\/v2\/muveszek"}],"about":[{"href":"https:\/\/www.organconcert.hu\/hu\/wp-json\/wp\/v2\/types\/muveszek"}],"wp:featuredmedia":[{"embeddable":true,"href":"https:\/\/www.organconcert.hu\/hu\/wp-json\/wp\/v2\/media\/588"}],"wp:attachment":[{"href":"https:\/\/www.organconcert.hu\/hu\/wp-json\/wp\/v2\/media?parent=576"}],"curies":[{"name":"wp","href":"https:\/\/api.w.org\/{rel}","templated":true}]}}

Etunam Kamarakórus

<div class="wpb-content-wrapper"><p></p>
<p>[vc_row][vc_column][vc_custom_heading text=&#8221;MŰVÉSZEK&#8221; font_container=&#8221;tag:h2|font_size:60|text_align:center|color:%239e070d&#8221; use_theme_fonts=&#8221;yes&#8221;][/vc_column][/vc_row][vc_row css=&#8221;.vc_custom_1532887450226{margin-bottom: 20px !important;}&#8221;][vc_column width=&#8221;1/3&#8243;][vc_single_image image=&#8221;588&#8243; img_size=&#8221;full&#8221; alignment=&#8221;center&#8221;][/vc_column][vc_column width=&#8221;2/3&#8243; css=&#8221;.vc_custom_1532886704969{border-left-width: 1px !important;padding-top: 0px !important;border-left-color: #39373a !important;border-left-style: solid !important;}&#8221;][vc_custom_heading text=&#8221;ETUNAM KAMARAKÓRUS&#8221; font_container=&#8221;tag:h3|font_size:26|text_align:left|color:%2339373a&#8221; use_theme_fonts=&#8221;yes&#8221; css=&#8221;.vc_custom_1542822968798{margin-bottom: 0px !important;padding-bottom: 0px !important;}&#8221;][vc_custom_heading text=&#8221;&#8221; font_container=&#8221;tag:h3|font_size:20|text_align:left|color:%2339373a&#8221; use_theme_fonts=&#8221;yes&#8221;][vc_column_text css=&#8221;.vc_custom_1542822961781{margin-bottom: 0px !important;}&#8221;]Az <b>ETUNAM Kamarakórus és Vegyeskart</b> Virágh András alapította 2015-ben.</p>
<p>Az együttes tagjai professzionális énekművészek, akik tevékenységükkel negyedik esztendeje aktív résztvevői a magyarországi koncertéletnek. Az énekkar a budapesti Szent István Bazilika Gálakoncertjeinek állandó közreműködője, ahol rendszeresen előadják Mozart: Requiem, Verdi: Requiem, Händel: Messiás, Bach: János passió, Bach: Magnificat oratóriumait, valamint állandó fellépője a Szent Mihály templom szombat esti <i>CHOIR&amp;ORGAN </i>koncertjeinek is. Az Együttes több alkalommal fellépett a Tavaszi Fesztiválon és számos nagysikerű oratórikus hangversenyt adott Magyarország különböző templomaiban, hangversenytermeiben.</p>
<p>Repertoárjukban szerepelnek a nagy oratóriumok, klasszikus szerzők miséi és motettái, valamint magyar népdalfeldolgozások[/vc_column_text][/vc_column][/vc_row]</p>
<p></p>
</div>

<p>Az ETUNAM Kamarakórus és Vegyeskart Virágh András alapította 2015-ben.</p>
