{"id":363,"date":"2018-07-30T04:47:19","date_gmt":"2018-07-30T04:47:19","guid":{"rendered":"https:\/\/www.organconcert.hu\/?post_type=muveszek&#038;p=363"},"modified":"2018-11-21T20:31:59","modified_gmt":"2018-11-21T18:31:59","slug":"gion-zsuzsanna","status":"publish","type":"muveszek","link":"https:\/\/www.organconcert.hu\/en\/muveszek\/gion-zsuzsanna\/","title":{"rendered":"ZSUZSANNA GION"},"content":{"rendered":"<div class=\"wpb-content-wrapper\"><p>[vc_row][vc_column][vc_custom_heading text=&#8221;ARTISTS&#8221; font_container=&#8221;tag:h2|font_size:60|text_align:center|color:%239e070d&#8221; use_theme_fonts=&#8221;yes&#8221;][\/vc_column][\/vc_row][vc_row css=&#8221;.vc_custom_1532887450226{margin-bottom: 20px !important;}&#8221;][vc_column width=&#8221;1\/3&#8243;][vc_single_image image=&#8221;455&#8243; img_size=&#8221;full&#8221; alignment=&#8221;center&#8221;][\/vc_column][vc_column width=&#8221;2\/3&#8243; css=&#8221;.vc_custom_1532886704969{border-left-width: 1px !important;padding-top: 0px !important;border-left-color: #39373a !important;border-left-style: solid !important;}&#8221;][vc_custom_heading text=&#8221;ZSUZSANNA GION&#8221; font_container=&#8221;tag:h3|font_size:26|text_align:left|color:%2339373a&#8221; use_theme_fonts=&#8221;yes&#8221; css=&#8221;.vc_custom_1534263523597{margin-bottom: 0px !important;padding-bottom: 0px !important;}&#8221;][vc_custom_heading text=&#8221;Mezzosoprano soloist&#8221; font_container=&#8221;tag:h3|font_size:20|text_align:left|color:%2339373a&#8221; use_theme_fonts=&#8221;yes&#8221;][vc_column_text css=&#8221;.vc_custom_1534263563323{margin-bottom: 0px !important;}&#8221;]She started her music studies 7 years old in the Leo Weiner Music School in Budapest. After high school studies, she was educated at the Music Institution of Daniel Berzsenyi College and graduated from here as well at singing-music, church music speciality. \u00a0In her college years, she was a regular performer in the \u201eHangm\u0171hely\u201d \/\u2019Sound workshop\u2019\/ concert series of the Music Institution. In 2005 she won the special prize for excellent interpreting of contemporary music at the Student Association of Science Art section\u2019s solo singer contest.<\/p>\n<p>She participated in Walter Moore, Zita V\u00e1radi and Katalin Pitti\u2019s master courses in the B\u00fckki M\u0171v\u00e9szeti Napok Arts Workshop event.<br \/>\nIn 2010 she contributed in the grand international \u2019Liszt\u2019s Church in Rome\u2019 concert series, where she sang alto solo in Liszt\u2019s Missa Choralis in the San Ignazio church of Rome. As well as with the united choir they performed Liszt\u2019s Missa Solennis Vaticano version, which was the first time of this piece to be performed in the St. Peter\u2019s Basilica.<\/p>\n<p>Since 2011 she sings the solo in oratory concerts, aria and opera concerts throughout Hungary.<br \/>\nShe is constant singer contributor in the organ concerts in the St. Stephen\u2019s Basilica of Budapest.<br \/>\nScenes of her international guest-performances: Switzerland, Italy, Serbia, Austria, and Transylvania.[\/vc_column_text][\/vc_column][\/vc_row]<\/p>\n<\/div>","protected":false},"excerpt":{"rendered":"<p>She started her music studies 7 years old in the Leo Weiner Music School in Budapest.<\/p>\n","protected":false},"featured_media":455,"template":"","meta":[],"class_list":["post-363","muveszek","type-muveszek","status-publish","has-post-thumbnail","hentry"],"_links":{"self":[{"href":"https:\/\/www.organconcert.hu\/en\/wp-json\/wp\/v2\/muveszek\/363","targetHints":{"allow":["GET"]}}],"collection":[{"href":"https:\/\/www.organconcert.hu\/en\/wp-json\/wp\/v2\/muveszek"}],"about":[{"href":"https:\/\/www.organconcert.hu\/en\/wp-json\/wp\/v2\/types\/muveszek"}],"wp:featuredmedia":[{"embeddable":true,"href":"https:\/\/www.organconcert.hu\/en\/wp-json\/wp\/v2\/media\/455"}],"wp:attachment":[{"href":"https:\/\/www.organconcert.hu\/en\/wp-json\/wp\/v2\/media?parent=363"}],"curies":[{"name":"wp","href":"https:\/\/api.w.org\/{rel}","templated":true}]}}

<div class="wpb-content-wrapper"><p>[vc_row][vc_column][vc_custom_heading text=&#8221;ARTISTS&#8221; font_container=&#8221;tag:h2|font_size:60|text_align:center|color:%239e070d&#8221; use_theme_fonts=&#8221;yes&#8221;][/vc_column][/vc_row][vc_row css=&#8221;.vc_custom_1532887450226{margin-bottom: 20px !important;}&#8221;][vc_column width=&#8221;1/3&#8243;][vc_single_image image=&#8221;455&#8243; img_size=&#8221;full&#8221; alignment=&#8221;center&#8221;][/vc_column][vc_column width=&#8221;2/3&#8243; css=&#8221;.vc_custom_1532886704969{border-left-width: 1px !important;padding-top: 0px !important;border-left-color: #39373a !important;border-left-style: solid !important;}&#8221;][vc_custom_heading text=&#8221;ZSUZSANNA GION&#8221; font_container=&#8221;tag:h3|font_size:26|text_align:left|color:%2339373a&#8221; use_theme_fonts=&#8221;yes&#8221; css=&#8221;.vc_custom_1534263523597{margin-bottom: 0px !important;padding-bottom: 0px !important;}&#8221;][vc_custom_heading text=&#8221;Mezzosoprano soloist&#8221; font_container=&#8221;tag:h3|font_size:20|text_align:left|color:%2339373a&#8221; use_theme_fonts=&#8221;yes&#8221;][vc_column_text css=&#8221;.vc_custom_1534263563323{margin-bottom: 0px !important;}&#8221;]She started her music studies 7 years old in the Leo Weiner Music School in Budapest. After high school studies, she was educated at the Music Institution of Daniel Berzsenyi College and graduated from here as well at singing-music, church music speciality.  In her college years, she was a regular performer in the „Hangműhely” /’Sound workshop’/ concert series of the Music Institution. In 2005 she won the special prize for excellent interpreting of contemporary music at the Student Association of Science Art section’s solo singer contest.</p>
<p>She participated in Walter Moore, Zita Váradi and Katalin Pitti’s master courses in the Bükki Művészeti Napok Arts Workshop event.<br />
In 2010 she contributed in the grand international ’Liszt’s Church in Rome’ concert series, where she sang alto solo in Liszt’s Missa Choralis in the San Ignazio church of Rome. As well as with the united choir they performed Liszt’s Missa Solennis Vaticano version, which was the first time of this piece to be performed in the St. Peter’s Basilica.</p>
<p>Since 2011 she sings the solo in oratory concerts, aria and opera concerts throughout Hungary.<br />
She is constant singer contributor in the organ concerts in the St. Stephen’s Basilica of Budapest.<br />
Scenes of her international guest-performances: Switzerland, Italy, Serbia, Austria, and Transylvania.[/vc_column_text][/vc_column][/vc_row]</p>
</div>
